{"id":119,"date":"2015-07-19T11:04:35","date_gmt":"2015-07-19T10:04:35","guid":{"rendered":"http:\/\/hinkelstein.ch\/blog\/?page_id=119"},"modified":"2016-01-01T16:46:42","modified_gmt":"2016-01-01T15:46:42","slug":"ava","status":"publish","type":"page","link":"http:\/\/hinkelstein.ch\/blog\/ava\/","title":{"rendered":"AVA"},"content":{"rendered":"<div id=\"fb-root\"><\/div>\n<p><strong>\u2026 alias Tahowa, Nie Lee oder Shini<\/strong><\/p>\n<p>Die AVA, ein Segelyacht mit einer bewegten Geschichte, hat seit Sommer 2015 einen neuen Eigner. Er hat sich zum Ziel gesetzt, die komplett zerlegte Yacht wieder seetauglich zusammenzubauen und so zu einem besonderen Schmuckst\u00fcck auf See zu machen. In mehr oder weniger regelm\u00e4ssigen Abst\u00e4nden kann hier der Fortschritt des Refits nachgelesen werden bis eines Tages die Berichte des ersten T\u00f6rns der AVA hier zu lesen sein wird. Dazu braucht es aber Geduld, denn es gibt keinen festen Zeitplan, ganz nach dem Motto:<\/p>\n<p style=\"text-align: center;\"><strong>Man kann den Wind nicht \u00e4ndern,<\/strong><br \/>\n<strong>aber die Segel anders setzen.<\/strong><br \/>\n<em>Platon<\/em><\/p>\n<p style=\"text-align: left;\"><img loading=\"lazy\" decoding=\"async\" data-attachment-id=\"3\" data-permalink=\"http:\/\/hinkelstein.ch\/blog\/segeln\/bildertets\/attachment\/segel\/\" data-orig-file=\"https:\/\/i0.wp.com\/hinkelstein.ch\/blog\/wp-content\/uploads\/2014\/12\/segel.jpg?fit=2056%2C3088\" data-orig-size=\"2056,3088\" data-comments-opened=\"1\" data-image-meta=\"{&quot;aperture&quot;:&quot;11&quot;,&quot;credit&quot;:&quot;&quot;,&quot;camera&quot;:&quot;Canon EOS 450D&quot;,&quot;caption&quot;:&quot;&quot;,&quot;created_timestamp&quot;:&quot;1318340137&quot;,&quot;copyright&quot;:&quot;&quot;,&quot;focal_length&quot;:&quot;18&quot;,&quot;iso&quot;:&quot;100&quot;,&quot;shutter_speed&quot;:&quot;0.003125&quot;,&quot;title&quot;:&quot;&quot;,&quot;orientation&quot;:&quot;1&quot;}\" data-image-title=\"segel\" data-image-description=\"\" data-image-caption=\"\" data-medium-file=\"https:\/\/i0.wp.com\/hinkelstein.ch\/blog\/wp-content\/uploads\/2014\/12\/segel.jpg?fit=200%2C300\" data-large-file=\"https:\/\/i0.wp.com\/hinkelstein.ch\/blog\/wp-content\/uploads\/2014\/12\/segel.jpg?fit=682%2C1024\" class=\"size-full wp-image-3 aligncenter\" src=\"https:\/\/i0.wp.com\/hinkelstein.ch\/blog\/wp-content\/uploads\/2014\/12\/segel.jpg?resize=2056%2C3088\" alt=\"segel\" width=\"2056\" height=\"3088\" srcset=\"https:\/\/i0.wp.com\/hinkelstein.ch\/blog\/wp-content\/uploads\/2014\/12\/segel.jpg?w=2056 2056w, https:\/\/i0.wp.com\/hinkelstein.ch\/blog\/wp-content\/uploads\/2014\/12\/segel.jpg?resize=200%2C300 200w, https:\/\/i0.wp.com\/hinkelstein.ch\/blog\/wp-content\/uploads\/2014\/12\/segel.jpg?resize=682%2C1024 682w, https:\/\/i0.wp.com\/hinkelstein.ch\/blog\/wp-content\/uploads\/2014\/12\/segel.jpg?w=2000 2000w\" sizes=\"(max-width: 1000px) 100vw, 1000px\" data-recalc-dims=\"1\" \/><\/p>\n<p>&nbsp;<\/p>\n","protected":false},"excerpt":{"rendered":"<p>\u2026 alias Tahowa, Nie Lee oder Shini Die AVA, ein Segelyacht mit einer bewegten Geschichte, hat seit Sommer 2015 einen neuen Eigner. Er hat sich zum Ziel gesetzt, die komplett zerlegte Yacht wieder seetauglich zusammenzubauen und so zu einem besonderen Schmuckst\u00fcck auf See zu machen. In mehr oder weniger regelm\u00e4ssigen Abst\u00e4nden kann hier der Fortschritt [&hellip;]<\/p>\n","protected":false},"author":1,"featured_media":0,"parent":0,"menu_order":4,"comment_status":"closed","ping_status":"closed","template":"","meta":{"jetpack_post_was_ever_published":false,"footnotes":""},"jetpack_sharing_enabled":true,"jetpack_shortlink":"https:\/\/wp.me\/P7nGwI-1V","jetpack-related-posts":[],"_links":{"self":[{"href":"http:\/\/hinkelstein.ch\/blog\/wp-json\/wp\/v2\/pages\/119"}],"collection":[{"href":"http:\/\/hinkelstein.ch\/blog\/wp-json\/wp\/v2\/pages"}],"about":[{"href":"http:\/\/hinkelstein.ch\/blog\/wp-json\/wp\/v2\/types\/page"}],"author":[{"embeddable":true,"href":"http:\/\/hinkelstein.ch\/blog\/wp-json\/wp\/v2\/users\/1"}],"replies":[{"embeddable":true,"href":"http:\/\/hinkelstein.ch\/blog\/wp-json\/wp\/v2\/comments?post=119"}],"version-history":[{"count":6,"href":"http:\/\/hinkelstein.ch\/blog\/wp-json\/wp\/v2\/pages\/119\/revisions"}],"predecessor-version":[{"id":365,"href":"http:\/\/hinkelstein.ch\/blog\/wp-json\/wp\/v2\/pages\/119\/revisions\/365"}],"wp:attachment":[{"href":"http:\/\/hinkelstein.ch\/blog\/wp-json\/wp\/v2\/media?parent=119"}],"curies":[{"name":"wp","href":"https:\/\/api.w.org\/{rel}","templated":true}]}}